{"id":84128,"date":"2021-03-17T12:53:23","date_gmt":"2021-03-17T11:53:23","guid":{"rendered":"http:\/\/gallehr.deetag.de\/?page_id=84128"},"modified":"2021-04-06T14:27:26","modified_gmt":"2021-04-06T12:27:26","slug":"optimierung-energienebenkosten","status":"publish","type":"page","link":"https:\/\/www.gallehr.de\/de\/leistungen\/optimierung-energienebenkosten\/","title":{"rendered":"Optimierung Energienebenkosten"},"content":{"rendered":"<div class=\"wpb-content-wrapper\"><p>[vc_row unlock_row_content=&#8220;yes&#8220; row_height_percent=&#8220;0&#8243; override_padding=&#8220;yes&#8220; h_padding=&#8220;2&#8243; top_padding=&#8220;3&#8243; bottom_padding=&#8220;3&#8243; back_color=&#8220;color-xsdn&#8220; overlay_alpha=&#8220;50&#8243; gutter_size=&#8220;4&#8243; column_width_use_pixel=&#8220;yes&#8220; shift_y=&#8220;0&#8243; z_index=&#8220;0&#8243; column_width_pixel=&#8220;1600&#8243;][vc_column column_width_percent=&#8220;100&#8243; position_vertical=&#8220;middle&#8220; gutter_size=&#8220;3&#8243; overlay_alpha=&#8220;50&#8243; shift_x=&#8220;0&#8243; shift_y=&#8220;0&#8243; shift_y_down=&#8220;0&#8243; z_index=&#8220;0&#8243; medium_width=&#8220;0&#8243; mobile_width=&#8220;0&#8243; css_animation=&#8220;left-t-right&#8220; animation_delay=&#8220;200&#8243; width=&#8220;1\/2&#8243;][vc_custom_heading heading_semantic=&#8220;h3&#8243; text_size=&#8220;h1&#8243;]Optimierung Energienebenkosten[\/vc_custom_heading][vc_column_text]Die \u00fcber den reinen Energiepreis hinausgehenden sogenannten Energienebenkosten machen tats\u00e4chlich einen Gro\u00dfteil der gesamten Energieenergiekosten von Unternehmen aus. Hier lohnt sich eine dezidierte Befassung, insbesondere auch um zuverl\u00e4ssig die diversen, teilweise erheblichen Entlastungsm\u00f6glichkeiten mit existenzieller Bedeutung f\u00fcr Unternehmen nutzen so k\u00f6nnen. Hierzu sind mitunter eine Vielzahl komplexer Schritte in einem sich st\u00e4ndig \u00e4ndernden und zunehmend un\u00fcbersichtlich werdendem regulativen Umfeld notwendig und diverse Fristen einzuhalten. Unsere erfahrenen und versierten Experten haben stets einen aktuellen \u00dcberblick \u00fcber die regulativen Gegebenheiten und beraten und begleiten Sie hinsichtlich der Optimierung ihrer Energienebenkosten bis hin \u00dcbernahme der Kommunikation mit einschl\u00e4gigen Beh\u00f6rden und sonstigen Dritten soweit uns aufgrund rechtlicher Bestimmungen gestattet gerne, damit Sie sich auf Ihr Kerngesch\u00e4ft konzentrieren k\u00f6nnen, insbesondere zu den Themen:<\/p>\n<ul>\n<li>Besondere Ausgleichsregelung EEG (BesAR)<\/li>\n<li>Privilegierung bei netzseitigen Umlagen (KWKG-Umlage, Offshore-Umlage,<br \/>\n\u00a7 19 StromNEV-Umlage)<\/li>\n<li>Sonderformen der Netznutzung<\/li>\n<li>Energie- und Stromsteuer \u2013 Entlastungen und Befreiungen<\/li>\n<li>R\u00fcckerstattung Konzessionsabgabe<\/li>\n<\/ul>\n<p>[\/vc_column_text][\/vc_column][vc_column column_width_percent=&#8220;100&#8243; gutter_size=&#8220;3&#8243; overlay_alpha=&#8220;50&#8243; shift_x=&#8220;0&#8243; shift_y=&#8220;0&#8243; shift_y_down=&#8220;0&#8243; z_index=&#8220;0&#8243; medium_width=&#8220;0&#8243; mobile_width=&#8220;0&#8243; width=&#8220;1\/2&#8243;][vc_single_image media=&#8220;84524&#8243; media_width_percent=&#8220;55&#8243; alignment=&#8220;right&#8220; css_animation=&#8220;right-t-left&#8220; animation_delay=&#8220;200&#8243;][\/vc_column][\/vc_row][vc_row unlock_row_content=&#8220;yes&#8220; row_height_percent=&#8220;0&#8243; override_padding=&#8220;yes&#8220; h_padding=&#8220;2&#8243; top_padding=&#8220;3&#8243; bottom_padding=&#8220;3&#8243; back_color=&#8220;color-202836&#8243; overlay_alpha=&#8220;50&#8243; gutter_size=&#8220;4&#8243; column_width_use_pixel=&#8220;yes&#8220; shift_y=&#8220;0&#8243; z_index=&#8220;0&#8243; inverted_device_order=&#8220;yes&#8220; column_width_pixel=&#8220;1600&#8243;][vc_column width=&#8220;1\/2&#8243;][vc_single_image media=&#8220;84526&#8243; media_width_percent=&#8220;55&#8243; css_animation=&#8220;left-t-right&#8220; animation_delay=&#8220;200&#8243;][\/vc_column][vc_column column_width_percent=&#8220;100&#8243; position_vertical=&#8220;middle&#8220; gutter_size=&#8220;3&#8243; overlay_alpha=&#8220;50&#8243; shift_x=&#8220;0&#8243; shift_y=&#8220;0&#8243; shift_y_down=&#8220;0&#8243; z_index=&#8220;0&#8243; medium_width=&#8220;0&#8243; mobile_width=&#8220;0&#8243; css_animation=&#8220;right-t-left&#8220; animation_delay=&#8220;200&#8243; width=&#8220;1\/2&#8243;][vc_column_text]Weiterhin f\u00fchrt eine \u00dcberpr\u00fcfung Ihrer Energierechnungen durch unsere Experten im Regelfall zu weiteren Einsparungen, da durchschnittlich jede zehnte Rechnung fehlerhaft ist.<\/p>\n<p>F\u00fcr Rechtsdienstleistungen und\/oder Steuerberatung, deren Erbringung gem\u00e4\u00df rechtlichen Bestimmungen Rechtsanw\u00e4lten und\/oder Steuerberatern vorbehalten ist kooperieren wir z.B. mit verschiedenen im Energie- und Umweltbereich renommierten Anwaltskanzleien wie Ritter, Gent &amp; Collegen und Hoffmann Liebs , welche ihre diesbez\u00fcglichen rechtlichen und\/oder steuerlichen Fragestellungen kompetent direkt bearbeiten.<\/p>\n<p>Sprechen Sie uns im Bedarfsfall gerne an.[\/vc_column_text][vc_empty_space empty_h=&#8220;2&#8243;][vc_button button_color=&#8220;color-184891&#8243; outline=&#8220;yes&#8220; border_width=&#8220;0&#8243; display=&#8220;inline&#8220; link=&#8220;url:https%3A%2F%2Fwww.gallehr.de%2Fkontakt%2F&#8220;]Kontakt[\/vc_button][\/vc_column][\/vc_row][vc_row unlock_row_content=&#8220;yes&#8220; row_height_percent=&#8220;0&#8243; override_padding=&#8220;yes&#8220; h_padding=&#8220;2&#8243; top_padding=&#8220;3&#8243; bottom_padding=&#8220;3&#8243; back_color=&#8220;color-xsdn&#8220; overlay_alpha=&#8220;50&#8243; gutter_size=&#8220;4&#8243; column_width_use_pixel=&#8220;yes&#8220; shift_y=&#8220;0&#8243; z_index=&#8220;0&#8243; column_width_pixel=&#8220;1600&#8243;][vc_column column_width_percent=&#8220;100&#8243; align_horizontal=&#8220;align_center&#8220; gutter_size=&#8220;3&#8243; overlay_alpha=&#8220;50&#8243; shift_x=&#8220;0&#8243; shift_y=&#8220;0&#8243; shift_y_down=&#8220;0&#8243; z_index=&#8220;0&#8243; medium_width=&#8220;0&#8243; mobile_width=&#8220;0&#8243; width=&#8220;1\/1&#8243;][vc_column_text css_animation=&#8220;top-t-bottom&#8220;]Weitere Informationen zum Thema &#8222;Optimierung Energienebenkosten&#8220; erhalten Sie hier:[\/vc_column_text][vc_empty_space empty_h=&#8220;2&#8243;][vc_button button_color=&#8220;color-184891&#8243; outline=&#8220;yes&#8220; border_width=&#8220;0&#8243; display=&#8220;inline&#8220; css_animation=&#8220;bottom-t-top&#8220; animation_delay=&#8220;100&#8243; link=&#8220;url:https%3A%2F%2Fwww.gallehr.de%2Fnews%2F&#8220;]News &amp; Infos[\/vc_button][\/vc_column][\/vc_row]<\/p>\n<\/div>","protected":false},"excerpt":{"rendered":"<p>[vc_row unlock_row_content=&#8220;yes&#8220; row_height_percent=&#8220;0&#8243; override_padding=&#8220;yes&#8220; h_padding=&#8220;2&#8243; top_padding=&#8220;3&#8243; bottom_padding=&#8220;3&#8243; back_color=&#8220;color-xsdn&#8220; overlay_alpha=&#8220;50&#8243; gutter_size=&#8220;4&#8243; column_width_use_pixel=&#8220;yes&#8220; shift_y=&#8220;0&#8243; z_index=&#8220;0&#8243; column_width_pixel=&#8220;1600&#8243;][vc_column column_width_percent=&#8220;100&#8243; position_vertical=&#8220;middle&#8220; gutter_size=&#8220;3&#8243; overlay_alpha=&#8220;50&#8243; shift_x=&#8220;0&#8243; shift_y=&#8220;0&#8243; [&hellip;]<\/p>\n","protected":false},"author":6,"featured_media":0,"parent":84120,"menu_order":0,"comment_status":"closed","ping_status":"closed","template":"","meta":{"footnotes":""},"class_list":["post-84128","page","type-page","status-publish","hentry"],"_links":{"self":[{"href":"https:\/\/www.gallehr.de\/de\/wp-json\/wp\/v2\/pages\/84128","targetHints":{"allow":["GET"]}}],"collection":[{"href":"https:\/\/www.gallehr.de\/de\/wp-json\/wp\/v2\/pages"}],"about":[{"href":"https:\/\/www.gallehr.de\/de\/wp-json\/wp\/v2\/types\/page"}],"author":[{"embeddable":true,"href":"https:\/\/www.gallehr.de\/de\/wp-json\/wp\/v2\/users\/6"}],"replies":[{"embeddable":true,"href":"https:\/\/www.gallehr.de\/de\/wp-json\/wp\/v2\/comments?post=84128"}],"version-history":[{"count":0,"href":"https:\/\/www.gallehr.de\/de\/wp-json\/wp\/v2\/pages\/84128\/revisions"}],"up":[{"embeddable":true,"href":"https:\/\/www.gallehr.de\/de\/wp-json\/wp\/v2\/pages\/84120"}],"wp:attachment":[{"href":"https:\/\/www.gallehr.de\/de\/wp-json\/wp\/v2\/media?parent=84128"}],"curies":[{"name":"wp","href":"https:\/\/api.w.org\/{rel}","templated":true}]}}

<div class="wpb-content-wrapper"><p>[vc_row unlock_row_content=&#8220;yes&#8220; row_height_percent=&#8220;0&#8243; override_padding=&#8220;yes&#8220; h_padding=&#8220;2&#8243; top_padding=&#8220;3&#8243; bottom_padding=&#8220;3&#8243; back_color=&#8220;color-xsdn&#8220; overlay_alpha=&#8220;50&#8243; gutter_size=&#8220;4&#8243; column_width_use_pixel=&#8220;yes&#8220; shift_y=&#8220;0&#8243; z_index=&#8220;0&#8243; column_width_pixel=&#8220;1600&#8243;][vc_column column_width_percent=&#8220;100&#8243; position_vertical=&#8220;middle&#8220; gutter_size=&#8220;3&#8243; overlay_alpha=&#8220;50&#8243; shift_x=&#8220;0&#8243; shift_y=&#8220;0&#8243; shift_y_down=&#8220;0&#8243; z_index=&#8220;0&#8243; medium_width=&#8220;0&#8243; mobile_width=&#8220;0&#8243; css_animation=&#8220;left-t-right&#8220; animation_delay=&#8220;200&#8243; width=&#8220;1/2&#8243;][vc_custom_heading heading_semantic=&#8220;h3&#8243; text_size=&#8220;h1&#8243;]Optimierung Energienebenkosten[/vc_custom_heading][vc_column_text]Die über den reinen Energiepreis hinausgehenden sogenannten Energienebenkosten machen tatsächlich einen Großteil der gesamten Energieenergiekosten von Unternehmen aus. Hier lohnt sich eine dezidierte Befassung, insbesondere auch um zuverlässig die diversen, teilweise erheblichen Entlastungsmöglichkeiten mit existenzieller Bedeutung für Unternehmen nutzen so können. Hierzu sind mitunter eine Vielzahl komplexer Schritte in einem sich ständig ändernden und zunehmend unübersichtlich werdendem regulativen Umfeld notwendig und diverse Fristen einzuhalten. Unsere erfahrenen und versierten Experten haben stets einen aktuellen Überblick über die regulativen Gegebenheiten und beraten und begleiten Sie hinsichtlich der Optimierung ihrer Energienebenkosten bis hin Übernahme der Kommunikation mit einschlägigen Behörden und sonstigen Dritten soweit uns aufgrund rechtlicher Bestimmungen gestattet gerne, damit Sie sich auf Ihr Kerngeschäft konzentrieren können, insbesondere zu den Themen:</p>
<ul>
<li>Besondere Ausgleichsregelung EEG (BesAR)</li>
<li>Privilegierung bei netzseitigen Umlagen (KWKG-Umlage, Offshore-Umlage,<br />
§ 19 StromNEV-Umlage)</li>
<li>Sonderformen der Netznutzung</li>
<li>Energie- und Stromsteuer – Entlastungen und Befreiungen</li>
<li>Rückerstattung Konzessionsabgabe</li>
</ul>
<p>[/vc_column_text][/vc_column][vc_column column_width_percent=&#8220;100&#8243; gutter_size=&#8220;3&#8243; overlay_alpha=&#8220;50&#8243; shift_x=&#8220;0&#8243; shift_y=&#8220;0&#8243; shift_y_down=&#8220;0&#8243; z_index=&#8220;0&#8243; medium_width=&#8220;0&#8243; mobile_width=&#8220;0&#8243; width=&#8220;1/2&#8243;][vc_single_image media=&#8220;84524&#8243; media_width_percent=&#8220;55&#8243; alignment=&#8220;right&#8220; css_animation=&#8220;right-t-left&#8220; animation_delay=&#8220;200&#8243;][/vc_column][/vc_row][vc_row unlock_row_content=&#8220;yes&#8220; row_height_percent=&#8220;0&#8243; override_padding=&#8220;yes&#8220; h_padding=&#8220;2&#8243; top_padding=&#8220;3&#8243; bottom_padding=&#8220;3&#8243; back_color=&#8220;color-202836&#8243; overlay_alpha=&#8220;50&#8243; gutter_size=&#8220;4&#8243; column_width_use_pixel=&#8220;yes&#8220; shift_y=&#8220;0&#8243; z_index=&#8220;0&#8243; inverted_device_order=&#8220;yes&#8220; column_width_pixel=&#8220;1600&#8243;][vc_column width=&#8220;1/2&#8243;][vc_single_image media=&#8220;84526&#8243; media_width_percent=&#8220;55&#8243; css_animation=&#8220;left-t-right&#8220; animation_delay=&#8220;200&#8243;][/vc_column][vc_column column_width_percent=&#8220;100&#8243; position_vertical=&#8220;middle&#8220; gutter_size=&#8220;3&#8243; overlay_alpha=&#8220;50&#8243; shift_x=&#8220;0&#8243; shift_y=&#8220;0&#8243; shift_y_down=&#8220;0&#8243; z_index=&#8220;0&#8243; medium_width=&#8220;0&#8243; mobile_width=&#8220;0&#8243; css_animation=&#8220;right-t-left&#8220; animation_delay=&#8220;200&#8243; width=&#8220;1/2&#8243;][vc_column_text]Weiterhin führt eine Überprüfung Ihrer Energierechnungen durch unsere Experten im Regelfall zu weiteren Einsparungen, da durchschnittlich jede zehnte Rechnung fehlerhaft ist.</p>
<p>Für Rechtsdienstleistungen und/oder Steuerberatung, deren Erbringung gemäß rechtlichen Bestimmungen Rechtsanwälten und/oder Steuerberatern vorbehalten ist kooperieren wir z.B. mit verschiedenen im Energie- und Umweltbereich renommierten Anwaltskanzleien wie Ritter, Gent &amp; Collegen und Hoffmann Liebs , welche ihre diesbezüglichen rechtlichen und/oder steuerlichen Fragestellungen kompetent direkt bearbeiten.</p>
<p>Sprechen Sie uns im Bedarfsfall gerne an.[/vc_column_text][vc_empty_space empty_h=&#8220;2&#8243;][vc_button button_color=&#8220;color-184891&#8243; outline=&#8220;yes&#8220; border_width=&#8220;0&#8243; display=&#8220;inline&#8220; link=&#8220;url:https%3A%2F%2Fwww.gallehr.de%2Fkontakt%2F&#8220;]Kontakt[/vc_button][/vc_column][/vc_row][vc_row unlock_row_content=&#8220;yes&#8220; row_height_percent=&#8220;0&#8243; override_padding=&#8220;yes&#8220; h_padding=&#8220;2&#8243; top_padding=&#8220;3&#8243; bottom_padding=&#8220;3&#8243; back_color=&#8220;color-xsdn&#8220; overlay_alpha=&#8220;50&#8243; gutter_size=&#8220;4&#8243; column_width_use_pixel=&#8220;yes&#8220; shift_y=&#8220;0&#8243; z_index=&#8220;0&#8243; column_width_pixel=&#8220;1600&#8243;][vc_column column_width_percent=&#8220;100&#8243; align_horizontal=&#8220;align_center&#8220; gutter_size=&#8220;3&#8243; overlay_alpha=&#8220;50&#8243; shift_x=&#8220;0&#8243; shift_y=&#8220;0&#8243; shift_y_down=&#8220;0&#8243; z_index=&#8220;0&#8243; medium_width=&#8220;0&#8243; mobile_width=&#8220;0&#8243; width=&#8220;1/1&#8243;][vc_column_text css_animation=&#8220;top-t-bottom&#8220;]Weitere Informationen zum Thema &#8222;Optimierung Energienebenkosten&#8220; erhalten Sie hier:[/vc_column_text][vc_empty_space empty_h=&#8220;2&#8243;][vc_button button_color=&#8220;color-184891&#8243; outline=&#8220;yes&#8220; border_width=&#8220;0&#8243; display=&#8220;inline&#8220; css_animation=&#8220;bottom-t-top&#8220; animation_delay=&#8220;100&#8243; link=&#8220;url:https%3A%2F%2Fwww.gallehr.de%2Fnews%2F&#8220;]News &amp; Infos[/vc_button][/vc_column][/vc_row]</p>
</div>
